{"id":8058,"date":"2019-07-01T15:40:10","date_gmt":"2019-07-01T13:40:10","guid":{"rendered":"https:\/\/www.reseau-mesure.com\/?page_id=8058"},"modified":"2019-07-05T16:24:32","modified_gmt":"2019-07-05T14:24:32","slug":"le-droit-a-limage","status":"publish","type":"page","link":"https:\/\/www.reseau-mesure.com\/de\/le-droit-a-limage\/","title":{"rendered":"Bildrechte"},"content":{"rendered":"<h1>Das Recht auf das Bild<\/h1>\n<p>&nbsp;<\/p>\n<p>W\u00e4hrend einer Besprechung&quot;\u00a0<strong>Videowerbung<\/strong>&quot;\/\/&quot;<strong>Digitale Kommunikation<\/strong>\u00a0\u00bbVom 6. Juni 2019 diskutierten wir mit <strong>Ma\u00eetre Bonavia, Rechtsanwalt der Anwaltskammer Val d&#039;Oise,<\/strong> die Fragen, die viele stellen <strong>Bildrechte<\/strong>&#8230;<\/p>\n<p>&nbsp;<\/p>\n\u00a0Ben\u00f6tige ich die Erlaubnis der Person, deren Bild ich verwende?<em><br \/>\n<\/em>Kann ich die mir erteilte Berechtigung unbegrenzt wiederverwenden?<br \/>\nWas sind die geltenden Regeln?<br \/>\nWas ist mit Bildern, die im Laufe der Arbeit aufgenommen wurden?\n<p>&nbsp;<\/p>\n<p><b>Antworten von herunterladen <\/b><b>Meister<\/b><b> Bonavia in ihrer Pr\u00e4sentation:\u00a0\u00a0<\/b><\/p>\n<p>&nbsp;<\/p>\n\t\t\t<a href=\"https:\/\/www.reseau-mesure.com\/wp-content\/uploads\/2019\/07\/Pr\u00e9sentation-droit-\u00e0-limage-R\u00e9seau-Mesure.pdf\" target=\"_self\" role=\"button\" rel=\"noopener noreferrer\">\n\t\t\t\t\t\t\tKlicke hier\n\t\t\t\t\t<\/a>","protected":false},"excerpt":{"rendered":"<p>Bildrechte W\u00e4hrend des Meetings &quot;Promotion by video&quot; \/\/ &quot;Digital Communication&quot; am 6. Juni 2019 diskutierten wir mit Ma\u00eetre Bonavia, Rechtsanwalt der Bar Val d&#039;Oise, die Fragen, die viele zum Thema Bildrechte stellen\u2026 Brauche ich Erlaubnis der Person, deren Bild ich verwende? Kann ich wiederverwenden...<\/p>","protected":false},"author":349,"featured_media":0,"parent":0,"menu_order":0,"comment_status":"closed","ping_status":"closed","template":"","meta":{"_acf_changed":false,"footnotes":""},"class_list":["post-8058","page","type-page","status-publish","hentry"],"acf":[],"yoast_head":"<!-- This site is optimized with the Yoast SEO plugin v27.5 - https:\/\/yoast.com\/product\/yoast-seo-wordpress\/ -->\n<title>Le Droit \u00e0 l&#039;image - R\u00e9seau Mesure<\/title>\n<meta name=\"robots\" content=\"index, follow, max-snippet:-1, max-image-preview:large, max-video-preview:-1\" \/>\n<link rel=\"canonical\" href=\"https:\/\/www.reseau-mesure.com\/de\/le-droit-a-limage\/\" \/>\n<meta property=\"og:locale\" content=\"de_DE\" \/>\n<meta property=\"og:type\" content=\"article\" \/>\n<meta property=\"og:title\" content=\"Le Droit \u00e0 l&#039;image - R\u00e9seau Mesure\" \/>\n<meta property=\"og:description\" content=\"Le Droit \u00e0 l&rsquo;Image &nbsp; Lors de la r\u00e9union \u00ab\u00a0Promotion par la vid\u00e9o\u00ab\u00a0\/\/\u00a0\u00bbCommunication Digitale\u00a0\u00bb du 6 juin 2019, nous avons abord\u00e9 avec Ma\u00eetre Bonavia, Avocate au Barreau du Val d&rsquo;Oise, les questions que beaucoup se posent sur le droit \u00e0 l&rsquo;image&#8230; &nbsp; \u00a0Ai-je besoin de l\u2019autorisation de la personne\u00a0dont j\u2019utilise l\u2019image ? Puis-je r\u00e9utiliser de&hellip;\" \/>\n<meta property=\"og:url\" content=\"https:\/\/www.reseau-mesure.com\/de\/le-droit-a-limage\/\" \/>\n<meta property=\"og:site_name\" content=\"R\u00e9seau Mesure\" \/>\n<meta property=\"article:publisher\" content=\"https:\/\/www.facebook.com\/reseaumesure\/\" \/>\n<meta property=\"article:modified_time\" content=\"2019-07-05T14:24:32+00:00\" \/>\n<meta name=\"twitter:card\" content=\"summary_large_image\" \/>\n<meta name=\"twitter:site\" content=\"@ReseauMesure\" \/>\n<meta name=\"twitter:label1\" content=\"Gesch\u00e4tzte Lesezeit\" \/>\n\t<meta name=\"twitter:data1\" content=\"1\u00a0Minute\" \/>\n<script type=\"application\/ld+json\" class=\"yoast-schema-graph\">{\"@context\":\"https:\\\/\\\/schema.org\",\"@graph\":[{\"@type\":\"WebPage\",\"@id\":\"https:\\\/\\\/www.reseau-mesure.com\\\/de\\\/le-droit-a-limage\\\/\",\"url\":\"https:\\\/\\\/www.reseau-mesure.com\\\/de\\\/le-droit-a-limage\\\/\",\"name\":\"Le Droit \u00e0 l'image - R\u00e9seau Mesure\",\"isPartOf\":{\"@id\":\"https:\\\/\\\/www.reseau-mesure.com\\\/#website\"},\"datePublished\":\"2019-07-01T13:40:10+00:00\",\"dateModified\":\"2019-07-05T14:24:32+00:00\",\"breadcrumb\":{\"@id\":\"https:\\\/\\\/www.reseau-mesure.com\\\/de\\\/le-droit-a-limage\\\/#breadcrumb\"},\"inLanguage\":\"de\",\"potentialAction\":[{\"@type\":\"ReadAction\",\"target\":[\"https:\\\/\\\/www.reseau-mesure.com\\\/de\\\/le-droit-a-limage\\\/\"]}]},{\"@type\":\"BreadcrumbList\",\"@id\":\"https:\\\/\\\/www.reseau-mesure.com\\\/de\\\/le-droit-a-limage\\\/#breadcrumb\",\"itemListElement\":[{\"@type\":\"ListItem\",\"position\":1,\"name\":\"Accueil\",\"item\":\"https:\\\/\\\/www.reseau-mesure.com\\\/\"},{\"@type\":\"ListItem\",\"position\":2,\"name\":\"Le Droit \u00e0 l&rsquo;image\"}]},{\"@type\":\"WebSite\",\"@id\":\"https:\\\/\\\/www.reseau-mesure.com\\\/#website\",\"url\":\"https:\\\/\\\/www.reseau-mesure.com\\\/\",\"name\":\"R\u00e9seau-Mesure\",\"description\":\"R\u00e9seau Mesure\",\"publisher\":{\"@id\":\"https:\\\/\\\/www.reseau-mesure.com\\\/#organization\"},\"potentialAction\":[{\"@type\":\"SearchAction\",\"target\":{\"@type\":\"EntryPoint\",\"urlTemplate\":\"https:\\\/\\\/www.reseau-mesure.com\\\/?s={search_term_string}\"},\"query-input\":{\"@type\":\"PropertyValueSpecification\",\"valueRequired\":true,\"valueName\":\"search_term_string\"}}],\"inLanguage\":\"de\"},{\"@type\":\"Organization\",\"@id\":\"https:\\\/\\\/www.reseau-mesure.com\\\/#organization\",\"name\":\"R\u00e9seau-Mesure\",\"url\":\"https:\\\/\\\/www.reseau-mesure.com\\\/\",\"logo\":{\"@type\":\"ImageObject\",\"inLanguage\":\"de\",\"@id\":\"https:\\\/\\\/www.reseau-mesure.com\\\/#\\\/schema\\\/logo\\\/image\\\/\",\"url\":\"https:\\\/\\\/www.reseau-mesure.com\\\/wp-content\\\/uploads\\\/2018\\\/02\\\/logo-max.png\",\"contentUrl\":\"https:\\\/\\\/www.reseau-mesure.com\\\/wp-content\\\/uploads\\\/2018\\\/02\\\/logo-max.png\",\"width\":545,\"height\":285,\"caption\":\"R\u00e9seau-Mesure\"},\"image\":{\"@id\":\"https:\\\/\\\/www.reseau-mesure.com\\\/#\\\/schema\\\/logo\\\/image\\\/\"},\"sameAs\":[\"https:\\\/\\\/www.facebook.com\\\/reseaumesure\\\/\",\"https:\\\/\\\/x.com\\\/ReseauMesure\",\"https:\\\/\\\/www.linkedin.com\\\/company\\\/reseau-mesure\\\/\"]}]}<\/script>\n<!-- \/ Yoast SEO plugin. -->","yoast_head_json":{"title":"Le Droit \u00e0 l'image - R\u00e9seau Mesure","robots":{"index":"index","follow":"follow","max-snippet":"max-snippet:-1","max-image-preview":"max-image-preview:large","max-video-preview":"max-video-preview:-1"},"canonical":"https:\/\/www.reseau-mesure.com\/de\/le-droit-a-limage\/","og_locale":"de_DE","og_type":"article","og_title":"Le Droit \u00e0 l'image - R\u00e9seau Mesure","og_description":"Le Droit \u00e0 l&rsquo;Image &nbsp; Lors de la r\u00e9union \u00ab\u00a0Promotion par la vid\u00e9o\u00ab\u00a0\/\/\u00a0\u00bbCommunication Digitale\u00a0\u00bb du 6 juin 2019, nous avons abord\u00e9 avec Ma\u00eetre Bonavia, Avocate au Barreau du Val d&rsquo;Oise, les questions que beaucoup se posent sur le droit \u00e0 l&rsquo;image&#8230; &nbsp; \u00a0Ai-je besoin de l\u2019autorisation de la personne\u00a0dont j\u2019utilise l\u2019image ? Puis-je r\u00e9utiliser de&hellip;","og_url":"https:\/\/www.reseau-mesure.com\/de\/le-droit-a-limage\/","og_site_name":"R\u00e9seau Mesure","article_publisher":"https:\/\/www.facebook.com\/reseaumesure\/","article_modified_time":"2019-07-05T14:24:32+00:00","twitter_card":"summary_large_image","twitter_site":"@ReseauMesure","twitter_misc":{"Gesch\u00e4tzte Lesezeit":"1\u00a0Minute"},"schema":{"@context":"https:\/\/schema.org","@graph":[{"@type":"WebPage","@id":"https:\/\/www.reseau-mesure.com\/de\/le-droit-a-limage\/","url":"https:\/\/www.reseau-mesure.com\/de\/le-droit-a-limage\/","name":"Le Droit \u00e0 l'image - R\u00e9seau Mesure","isPartOf":{"@id":"https:\/\/www.reseau-mesure.com\/#website"},"datePublished":"2019-07-01T13:40:10+00:00","dateModified":"2019-07-05T14:24:32+00:00","breadcrumb":{"@id":"https:\/\/www.reseau-mesure.com\/de\/le-droit-a-limage\/#breadcrumb"},"inLanguage":"de","potentialAction":[{"@type":"ReadAction","target":["https:\/\/www.reseau-mesure.com\/de\/le-droit-a-limage\/"]}]},{"@type":"BreadcrumbList","@id":"https:\/\/www.reseau-mesure.com\/de\/le-droit-a-limage\/#breadcrumb","itemListElement":[{"@type":"ListItem","position":1,"name":"Accueil","item":"https:\/\/www.reseau-mesure.com\/"},{"@type":"ListItem","position":2,"name":"Le Droit \u00e0 l&rsquo;image"}]},{"@type":"WebSite","@id":"https:\/\/www.reseau-mesure.com\/#website","url":"https:\/\/www.reseau-mesure.com\/","name":"Netzwerk-Messung","description":"Netzwerkma\u00dfnahme","publisher":{"@id":"https:\/\/www.reseau-mesure.com\/#organization"},"potentialAction":[{"@type":"SearchAction","target":{"@type":"EntryPoint","urlTemplate":"https:\/\/www.reseau-mesure.com\/?s={search_term_string}"},"query-input":{"@type":"PropertyValueSpecification","valueRequired":true,"valueName":"search_term_string"}}],"inLanguage":"de"},{"@type":"Organization","@id":"https:\/\/www.reseau-mesure.com\/#organization","name":"Netzwerk-Messung","url":"https:\/\/www.reseau-mesure.com\/","logo":{"@type":"ImageObject","inLanguage":"de","@id":"https:\/\/www.reseau-mesure.com\/#\/schema\/logo\/image\/","url":"https:\/\/www.reseau-mesure.com\/wp-content\/uploads\/2018\/02\/logo-max.png","contentUrl":"https:\/\/www.reseau-mesure.com\/wp-content\/uploads\/2018\/02\/logo-max.png","width":545,"height":285,"caption":"R\u00e9seau-Mesure"},"image":{"@id":"https:\/\/www.reseau-mesure.com\/#\/schema\/logo\/image\/"},"sameAs":["https:\/\/www.facebook.com\/reseaumesure\/","https:\/\/x.com\/ReseauMesure","https:\/\/www.linkedin.com\/company\/reseau-mesure\/"]}]}},"_links":{"self":[{"href":"https:\/\/www.reseau-mesure.com\/de\/wp-json\/wp\/v2\/pages\/8058","targetHints":{"allow":["GET"]}}],"collection":[{"href":"https:\/\/www.reseau-mesure.com\/de\/wp-json\/wp\/v2\/pages"}],"about":[{"href":"https:\/\/www.reseau-mesure.com\/de\/wp-json\/wp\/v2\/types\/page"}],"author":[{"embeddable":true,"href":"https:\/\/www.reseau-mesure.com\/de\/wp-json\/wp\/v2\/users\/349"}],"replies":[{"embeddable":true,"href":"https:\/\/www.reseau-mesure.com\/de\/wp-json\/wp\/v2\/comments?post=8058"}],"version-history":[{"count":0,"href":"https:\/\/www.reseau-mesure.com\/de\/wp-json\/wp\/v2\/pages\/8058\/revisions"}],"wp:attachment":[{"href":"https:\/\/www.reseau-mesure.com\/de\/wp-json\/wp\/v2\/media?parent=8058"}],"curies":[{"name":"wp","href":"https:\/\/api.w.org\/{rel}","templated":true}]}}

<h1>Das Recht auf das Bild</h1>
<p>&nbsp;</p>
<p>Während einer Besprechung&quot; <strong>Videowerbung</strong>&quot;//&quot;<strong>Digitale Kommunikation</strong> »Vom 6. Juni 2019 diskutierten wir mit <strong>Maître Bonavia, Rechtsanwalt der Anwaltskammer Val d&#039;Oise,</strong> die Fragen, die viele stellen <strong>Bildrechte</strong>&#8230;</p>
<p>&nbsp;</p>
 Benötige ich die Erlaubnis der Person, deren Bild ich verwende?<em><br />
</em>Kann ich die mir erteilte Berechtigung unbegrenzt wiederverwenden?<br />
Was sind die geltenden Regeln?<br />
Was ist mit Bildern, die im Laufe der Arbeit aufgenommen wurden?
<p>&nbsp;</p>
<p><b>Antworten von herunterladen </b><b>Meister</b><b> Bonavia in ihrer Präsentation:  </b></p>
<p>&nbsp;</p>
			<a href="https://www.reseau-mesure.com/wp-content/uploads/2019/07/Présentation-droit-à-limage-Réseau-Mesure.pdf" target="_self" role="button" rel="noopener noreferrer">
							Klicke hier
					</a>

<p>Bildrechte Während des Meetings &quot;Promotion by video&quot; // &quot;Digital Communication&quot; am 6. Juni 2019 diskutierten wir mit Maître Bonavia, Rechtsanwalt der Bar Val d&#039;Oise, die Fragen, die viele zum Thema Bildrechte stellen… Brauche ich Erlaubnis der Person, deren Bild ich verwende? Kann ich wiederverwenden...</p>

<!-- This site is optimized with the Yoast SEO plugin v27.5 - https://yoast.com/product/yoast-seo-wordpress/ -->
<title>Le Droit à l&#039;image - Réseau Mesure</title>
<meta name="robots" content="index, follow, max-snippet:-1, max-image-preview:large, max-video-preview:-1" />
<link rel="canonical" href="https://www.reseau-mesure.com/de/le-droit-a-limage/" />
<meta property="og:locale" content="de_DE" />
<meta property="og:type" content="article" />
<meta property="og:title" content="Le Droit à l&#039;image - Réseau Mesure" />
<meta property="og:description" content="Le Droit à l&rsquo;Image &nbsp; Lors de la réunion « Promotion par la vidéo« // »Communication Digitale » du 6 juin 2019, nous avons abordé avec Maître Bonavia, Avocate au Barreau du Val d&rsquo;Oise, les questions que beaucoup se posent sur le droit à l&rsquo;image&#8230; &nbsp;  Ai-je besoin de l’autorisation de la personne dont j’utilise l’image ? Puis-je réutiliser de&hellip;" />
<meta property="og:url" content="https://www.reseau-mesure.com/de/le-droit-a-limage/" />
<meta property="og:site_name" content="Réseau Mesure" />
<meta property="article:publisher" content="https://www.facebook.com/reseaumesure/" />
<meta property="article:modified_time" content="2019-07-05T14:24:32+00:00" />
<meta name="twitter:card" content="summary_large_image" />
<meta name="twitter:site" content="@ReseauMesure" />
<meta name="twitter:label1" content="Geschätzte Lesezeit" />
	<meta name="twitter:data1" content="1 Minute" />
<script type="application/ld+json" class="yoast-schema-graph">{"@context":"https:\/\/schema.org","@graph":[{"@type":"WebPage","@id":"https:\/\/www.reseau-mesure.com\/de\/le-droit-a-limage\/","url":"https:\/\/www.reseau-mesure.com\/de\/le-droit-a-limage\/","name":"Le Droit à l'image - Réseau Mesure","isPartOf":{"@id":"https:\/\/www.reseau-mesure.com\/#website"},"datePublished":"2019-07-01T13:40:10+00:00","dateModified":"2019-07-05T14:24:32+00:00","breadcrumb":{"@id":"https:\/\/www.reseau-mesure.com\/de\/le-droit-a-limage\/#breadcrumb"},"inLanguage":"de","potentialAction":[{"@type":"ReadAction","target":["https:\/\/www.reseau-mesure.com\/de\/le-droit-a-limage\/"]}]},{"@type":"BreadcrumbList","@id":"https:\/\/www.reseau-mesure.com\/de\/le-droit-a-limage\/#breadcrumb","itemListElement":[{"@type":"ListItem","position":1,"name":"Accueil","item":"https:\/\/www.reseau-mesure.com\/"},{"@type":"ListItem","position":2,"name":"Le Droit à l&rsquo;image"}]},{"@type":"WebSite","@id":"https:\/\/www.reseau-mesure.com\/#website","url":"https:\/\/www.reseau-mesure.com\/","name":"Réseau-Mesure","description":"Réseau Mesure","publisher":{"@id":"https:\/\/www.reseau-mesure.com\/#organization"},"potentialAction":[{"@type":"SearchAction","target":{"@type":"EntryPoint","urlTemplate":"https:\/\/www.reseau-mesure.com\/?s={search_term_string}"},"query-input":{"@type":"PropertyValueSpecification","valueRequired":true,"valueName":"search_term_string"}}],"inLanguage":"de"},{"@type":"Organization","@id":"https:\/\/www.reseau-mesure.com\/#organization","name":"Réseau-Mesure","url":"https:\/\/www.reseau-mesure.com\/","logo":{"@type":"ImageObject","inLanguage":"de","@id":"https:\/\/www.reseau-mesure.com\/#\/schema\/logo\/image\/","url":"https:\/\/www.reseau-mesure.com\/wp-content\/uploads\/2018\/02\/logo-max.png","contentUrl":"https:\/\/www.reseau-mesure.com\/wp-content\/uploads\/2018\/02\/logo-max.png","width":545,"height":285,"caption":"Réseau-Mesure"},"image":{"@id":"https:\/\/www.reseau-mesure.com\/#\/schema\/logo\/image\/"},"sameAs":["https:\/\/www.facebook.com\/reseaumesure\/","https:\/\/x.com\/ReseauMesure","https:\/\/www.linkedin.com\/company\/reseau-mesure\/"]}]}</script>
<!-- / Yoast SEO plugin. -->

Le Droit à l'image - Réseau Mesure

Le Droit à l&rsquo;Image &nbsp; Lors de la réunion « Promotion par la vidéo« // »Communication Digitale » du 6 juin 2019, nous avons abordé avec Maître Bonavia, Avocate au Barreau du Val d&rsquo;Oise, les questions que beaucoup se posent sur le droit à l&rsquo;image&#8230; &nbsp;  Ai-je besoin de l’autorisation de la personne dont j’utilise l’image ? Puis-je réutiliser de&hellip;

Réseau Mesure

Le Droit à l&rsquo;image

Netzwerkmaßnahme

Réseau-Mesure
