{"id":15686,"date":"2022-01-10T14:39:27","date_gmt":"2022-01-10T13:39:27","guid":{"rendered":"https:\/\/www.reseau-mesure.com\/?page_id=15686"},"modified":"2022-01-10T16:23:27","modified_gmt":"2022-01-10T15:23:27","slug":"essais-en-vibrations-theorie-et-pratique","status":"publish","type":"page","link":"https:\/\/www.reseau-mesure.com\/en\/essais-en-vibrations-theorie-et-pratique\/","title":{"rendered":"Vibration tests - Theory and practice -"},"content":{"rendered":"<a href=\"https:\/\/spectraldynamics.eu\/\" target=\"_blank\" rel=\"noopener\" itemprop=\"url\">\n\t\t\t\t<img loading=\"lazy\" decoding=\"async\" src=\"https:\/\/www.reseau-mesure.com\/wp-content\/uploads\/2022\/01\/Spectral-Dynamics-1024x351.png\" alt=\"Spectral Dynamics\" itemprop=\"image\" height=\"351\" width=\"1024\" title=\"Spectral Dynamics\" onerror=\"this.style.display='none'\"  \/>\n\t\t\t\t<\/a>\n\t<h1><strong>Vibration testing \u2013 Theory and practice \u2013<\/strong><\/h1>\n\t<p>&nbsp;<\/p>\n<p>&nbsp;<\/p>\n<table width=\"100%\">\n<tbody>\n<tr>\n<td><strong>This training is aimed at anyone responsible for carrying out or analyzing vibration tests in the company.<\/strong>\n<p>The training will be provided by Spectral Dynamics a world leader in providing systems and software for vibration testing, dynamic structural analysis and acoustic analysis.<\/p>\n<p><b>R\u00e9seau Mesure is referenced as a QUALIOPI certified training center allowing support by your OPCO.<\/b><\/p>\n<p><strong>Number of trainees per session:<\/strong> training exclusive to a company.<\/p>\n<p><strong>The training dates are to be defined with the trainer from the company Spectral Dynamics.\u00a0<\/strong><\/p>\n<strong>The program can be modified according to the needs of the company.<\/strong><\/td>\n<\/tr>\n<tr>\n\n<\/tr>\n<\/tbody>\n<\/table>\n\t\t\t<a href=\"https:\/\/www.reseau-mesure.com\/wp-content\/uploads\/2022\/01\/presentation-SD-v1.pdf\" target=\"_blank\" role=\"button\" rel=\"noopener\">\n\t\t\t\t\t\t\tpresentation\n\t\t\t\t\t<\/a>\n\t\t\t<a href=\"https:\/\/www.reseau-mesure.com\/wp-content\/uploads\/2022\/01\/programme-SD-Essais-en-vibrations.pdf\" target=\"_blank\" role=\"button\" rel=\"noopener\">\n\t\t\t\t\t\t\tProgram Type\n\t\t\t\t\t<\/a>\n\t\t\t<a href=\"mailto:gourgaud@spectraldynamics.fr\" target=\"_blank\" role=\"button\" rel=\"noopener\">\n\t\t\t\t\t\t\tSubscription request\n\t\t\t\t\t<\/a>","protected":false},"excerpt":{"rendered":"<p>Vibration tests \u2013 Theory and practice \u2013 This training is aimed at anyone responsible for carrying out or analyzing vibration tests in the company. The training will be provided by Spectral Dynamics a world leader in providing systems and software for vibration testing, dynamic structural analysis and acoustic analysis.\u2026<\/p>","protected":false},"author":349,"featured_media":0,"parent":0,"menu_order":0,"comment_status":"closed","ping_status":"closed","template":"","meta":{"_acf_changed":false,"footnotes":""},"class_list":["post-15686","page","type-page","status-publish","hentry"],"acf":[],"yoast_head":"<!-- This site is optimized with the Yoast SEO plugin v27.5 - https:\/\/yoast.com\/product\/yoast-seo-wordpress\/ -->\n<title>Formation - Essais en vibrations - Th\u00e9orie et pratique - R\u00e9seau Mesure<\/title>\n<meta name=\"description\" content=\"L\u2019enjeu de cette formation Essais en vibrations - Th\u00e9orie et pratique est de se former aux essais en vibrations et \u00e0 leur contexte th\u00e9orique.\" \/>\n<meta name=\"robots\" content=\"index, follow, max-snippet:-1, max-image-preview:large, max-video-preview:-1\" \/>\n<link rel=\"canonical\" href=\"https:\/\/www.reseau-mesure.com\/en\/essais-en-vibrations-theorie-et-pratique\/\" \/>\n<meta property=\"og:locale\" content=\"en_US\" \/>\n<meta property=\"og:type\" content=\"article\" \/>\n<meta property=\"og:title\" content=\"Formation - Essais en vibrations - Th\u00e9orie et pratique - R\u00e9seau Mesure\" \/>\n<meta property=\"og:description\" content=\"L\u2019enjeu de cette formation Essais en vibrations - Th\u00e9orie et pratique est de se former aux essais en vibrations et \u00e0 leur contexte th\u00e9orique.\" \/>\n<meta property=\"og:url\" content=\"https:\/\/www.reseau-mesure.com\/en\/essais-en-vibrations-theorie-et-pratique\/\" \/>\n<meta property=\"og:site_name\" content=\"R\u00e9seau Mesure\" \/>\n<meta property=\"article:publisher\" content=\"https:\/\/www.facebook.com\/reseaumesure\/\" \/>\n<meta property=\"article:modified_time\" content=\"2022-01-10T15:23:27+00:00\" \/>\n<meta property=\"og:image\" content=\"https:\/\/www.reseau-mesure.com\/wp-content\/uploads\/2022\/01\/Spectral-Dynamics-1024x351.png\" \/>\n<meta name=\"twitter:card\" content=\"summary_large_image\" \/>\n<meta name=\"twitter:site\" content=\"@ReseauMesure\" \/>\n<meta name=\"twitter:label1\" content=\"Est. reading time\" \/>\n\t<meta name=\"twitter:data1\" content=\"1 minute\" \/>\n<script type=\"application\/ld+json\" class=\"yoast-schema-graph\">{\"@context\":\"https:\\\/\\\/schema.org\",\"@graph\":[{\"@type\":\"WebPage\",\"@id\":\"https:\\\/\\\/www.reseau-mesure.com\\\/essais-en-vibrations-theorie-et-pratique\\\/\",\"url\":\"https:\\\/\\\/www.reseau-mesure.com\\\/essais-en-vibrations-theorie-et-pratique\\\/\",\"name\":\"Formation - Essais en vibrations - Th\u00e9orie et pratique - R\u00e9seau Mesure\",\"isPartOf\":{\"@id\":\"https:\\\/\\\/www.reseau-mesure.com\\\/#website\"},\"primaryImageOfPage\":{\"@id\":\"https:\\\/\\\/www.reseau-mesure.com\\\/essais-en-vibrations-theorie-et-pratique\\\/#primaryimage\"},\"image\":{\"@id\":\"https:\\\/\\\/www.reseau-mesure.com\\\/essais-en-vibrations-theorie-et-pratique\\\/#primaryimage\"},\"thumbnailUrl\":\"https:\\\/\\\/www.reseau-mesure.com\\\/wp-content\\\/uploads\\\/2022\\\/01\\\/Spectral-Dynamics-1024x351.png\",\"datePublished\":\"2022-01-10T13:39:27+00:00\",\"dateModified\":\"2022-01-10T15:23:27+00:00\",\"description\":\"L\u2019enjeu de cette formation Essais en vibrations - Th\u00e9orie et pratique est de se former aux essais en vibrations et \u00e0 leur contexte th\u00e9orique.\",\"breadcrumb\":{\"@id\":\"https:\\\/\\\/www.reseau-mesure.com\\\/essais-en-vibrations-theorie-et-pratique\\\/#breadcrumb\"},\"inLanguage\":\"en-US\",\"potentialAction\":[{\"@type\":\"ReadAction\",\"target\":[\"https:\\\/\\\/www.reseau-mesure.com\\\/essais-en-vibrations-theorie-et-pratique\\\/\"]}]},{\"@type\":\"ImageObject\",\"inLanguage\":\"en-US\",\"@id\":\"https:\\\/\\\/www.reseau-mesure.com\\\/essais-en-vibrations-theorie-et-pratique\\\/#primaryimage\",\"url\":\"https:\\\/\\\/www.reseau-mesure.com\\\/wp-content\\\/uploads\\\/2022\\\/01\\\/Spectral-Dynamics-1024x351.png\",\"contentUrl\":\"https:\\\/\\\/www.reseau-mesure.com\\\/wp-content\\\/uploads\\\/2022\\\/01\\\/Spectral-Dynamics-1024x351.png\"},{\"@type\":\"BreadcrumbList\",\"@id\":\"https:\\\/\\\/www.reseau-mesure.com\\\/essais-en-vibrations-theorie-et-pratique\\\/#breadcrumb\",\"itemListElement\":[{\"@type\":\"ListItem\",\"position\":1,\"name\":\"Accueil\",\"item\":\"https:\\\/\\\/www.reseau-mesure.com\\\/\"},{\"@type\":\"ListItem\",\"position\":2,\"name\":\"Essais en vibrations &#8211; Th\u00e9orie et pratique &#8211;\"}]},{\"@type\":\"WebSite\",\"@id\":\"https:\\\/\\\/www.reseau-mesure.com\\\/#website\",\"url\":\"https:\\\/\\\/www.reseau-mesure.com\\\/\",\"name\":\"R\u00e9seau-Mesure\",\"description\":\"R\u00e9seau Mesure\",\"publisher\":{\"@id\":\"https:\\\/\\\/www.reseau-mesure.com\\\/#organization\"},\"potentialAction\":[{\"@type\":\"SearchAction\",\"target\":{\"@type\":\"EntryPoint\",\"urlTemplate\":\"https:\\\/\\\/www.reseau-mesure.com\\\/?s={search_term_string}\"},\"query-input\":{\"@type\":\"PropertyValueSpecification\",\"valueRequired\":true,\"valueName\":\"search_term_string\"}}],\"inLanguage\":\"en-US\"},{\"@type\":\"Organization\",\"@id\":\"https:\\\/\\\/www.reseau-mesure.com\\\/#organization\",\"name\":\"R\u00e9seau-Mesure\",\"url\":\"https:\\\/\\\/www.reseau-mesure.com\\\/\",\"logo\":{\"@type\":\"ImageObject\",\"inLanguage\":\"en-US\",\"@id\":\"https:\\\/\\\/www.reseau-mesure.com\\\/#\\\/schema\\\/logo\\\/image\\\/\",\"url\":\"https:\\\/\\\/www.reseau-mesure.com\\\/wp-content\\\/uploads\\\/2018\\\/02\\\/logo-max.png\",\"contentUrl\":\"https:\\\/\\\/www.reseau-mesure.com\\\/wp-content\\\/uploads\\\/2018\\\/02\\\/logo-max.png\",\"width\":545,\"height\":285,\"caption\":\"R\u00e9seau-Mesure\"},\"image\":{\"@id\":\"https:\\\/\\\/www.reseau-mesure.com\\\/#\\\/schema\\\/logo\\\/image\\\/\"},\"sameAs\":[\"https:\\\/\\\/www.facebook.com\\\/reseaumesure\\\/\",\"https:\\\/\\\/x.com\\\/ReseauMesure\",\"https:\\\/\\\/www.linkedin.com\\\/company\\\/reseau-mesure\\\/\"]}]}<\/script>\n<!-- \/ Yoast SEO plugin. -->","yoast_head_json":{"title":"Formation - Essais en vibrations - Th\u00e9orie et pratique - R\u00e9seau Mesure","description":"L\u2019enjeu de cette formation Essais en vibrations - Th\u00e9orie et pratique est de se former aux essais en vibrations et \u00e0 leur contexte th\u00e9orique.","robots":{"index":"index","follow":"follow","max-snippet":"max-snippet:-1","max-image-preview":"max-image-preview:large","max-video-preview":"max-video-preview:-1"},"canonical":"https:\/\/www.reseau-mesure.com\/en\/essais-en-vibrations-theorie-et-pratique\/","og_locale":"en_US","og_type":"article","og_title":"Formation - Essais en vibrations - Th\u00e9orie et pratique - R\u00e9seau Mesure","og_description":"L\u2019enjeu de cette formation Essais en vibrations - Th\u00e9orie et pratique est de se former aux essais en vibrations et \u00e0 leur contexte th\u00e9orique.","og_url":"https:\/\/www.reseau-mesure.com\/en\/essais-en-vibrations-theorie-et-pratique\/","og_site_name":"R\u00e9seau Mesure","article_publisher":"https:\/\/www.facebook.com\/reseaumesure\/","article_modified_time":"2022-01-10T15:23:27+00:00","og_image":[{"url":"https:\/\/www.reseau-mesure.com\/wp-content\/uploads\/2022\/01\/Spectral-Dynamics-1024x351.png","type":"","width":"","height":""}],"twitter_card":"summary_large_image","twitter_site":"@ReseauMesure","twitter_misc":{"Est. reading time":"1 minute"},"schema":{"@context":"https:\/\/schema.org","@graph":[{"@type":"WebPage","@id":"https:\/\/www.reseau-mesure.com\/essais-en-vibrations-theorie-et-pratique\/","url":"https:\/\/www.reseau-mesure.com\/essais-en-vibrations-theorie-et-pratique\/","name":"Formation - Essais en vibrations - Th\u00e9orie et pratique - R\u00e9seau Mesure","isPartOf":{"@id":"https:\/\/www.reseau-mesure.com\/#website"},"primaryImageOfPage":{"@id":"https:\/\/www.reseau-mesure.com\/essais-en-vibrations-theorie-et-pratique\/#primaryimage"},"image":{"@id":"https:\/\/www.reseau-mesure.com\/essais-en-vibrations-theorie-et-pratique\/#primaryimage"},"thumbnailUrl":"https:\/\/www.reseau-mesure.com\/wp-content\/uploads\/2022\/01\/Spectral-Dynamics-1024x351.png","datePublished":"2022-01-10T13:39:27+00:00","dateModified":"2022-01-10T15:23:27+00:00","description":"L\u2019enjeu de cette formation Essais en vibrations - Th\u00e9orie et pratique est de se former aux essais en vibrations et \u00e0 leur contexte th\u00e9orique.","breadcrumb":{"@id":"https:\/\/www.reseau-mesure.com\/essais-en-vibrations-theorie-et-pratique\/#breadcrumb"},"inLanguage":"en-US","potentialAction":[{"@type":"ReadAction","target":["https:\/\/www.reseau-mesure.com\/essais-en-vibrations-theorie-et-pratique\/"]}]},{"@type":"ImageObject","inLanguage":"en-US","@id":"https:\/\/www.reseau-mesure.com\/essais-en-vibrations-theorie-et-pratique\/#primaryimage","url":"https:\/\/www.reseau-mesure.com\/wp-content\/uploads\/2022\/01\/Spectral-Dynamics-1024x351.png","contentUrl":"https:\/\/www.reseau-mesure.com\/wp-content\/uploads\/2022\/01\/Spectral-Dynamics-1024x351.png"},{"@type":"BreadcrumbList","@id":"https:\/\/www.reseau-mesure.com\/essais-en-vibrations-theorie-et-pratique\/#breadcrumb","itemListElement":[{"@type":"ListItem","position":1,"name":"Accueil","item":"https:\/\/www.reseau-mesure.com\/"},{"@type":"ListItem","position":2,"name":"Essais en vibrations &#8211; Th\u00e9orie et pratique &#8211;"}]},{"@type":"WebSite","@id":"https:\/\/www.reseau-mesure.com\/#website","url":"https:\/\/www.reseau-mesure.com\/","name":"R\u00e9seau-Mesure","description":"Network Measure","publisher":{"@id":"https:\/\/www.reseau-mesure.com\/#organization"},"potentialAction":[{"@type":"SearchAction","target":{"@type":"EntryPoint","urlTemplate":"https:\/\/www.reseau-mesure.com\/?s={search_term_string}"},"query-input":{"@type":"PropertyValueSpecification","valueRequired":true,"valueName":"search_term_string"}}],"inLanguage":"en-US"},{"@type":"Organization","@id":"https:\/\/www.reseau-mesure.com\/#organization","name":"R\u00e9seau-Mesure","url":"https:\/\/www.reseau-mesure.com\/","logo":{"@type":"ImageObject","inLanguage":"en-US","@id":"https:\/\/www.reseau-mesure.com\/#\/schema\/logo\/image\/","url":"https:\/\/www.reseau-mesure.com\/wp-content\/uploads\/2018\/02\/logo-max.png","contentUrl":"https:\/\/www.reseau-mesure.com\/wp-content\/uploads\/2018\/02\/logo-max.png","width":545,"height":285,"caption":"R\u00e9seau-Mesure"},"image":{"@id":"https:\/\/www.reseau-mesure.com\/#\/schema\/logo\/image\/"},"sameAs":["https:\/\/www.facebook.com\/reseaumesure\/","https:\/\/x.com\/ReseauMesure","https:\/\/www.linkedin.com\/company\/reseau-mesure\/"]}]}},"_links":{"self":[{"href":"https:\/\/www.reseau-mesure.com\/en\/wp-json\/wp\/v2\/pages\/15686","targetHints":{"allow":["GET"]}}],"collection":[{"href":"https:\/\/www.reseau-mesure.com\/en\/wp-json\/wp\/v2\/pages"}],"about":[{"href":"https:\/\/www.reseau-mesure.com\/en\/wp-json\/wp\/v2\/types\/page"}],"author":[{"embeddable":true,"href":"https:\/\/www.reseau-mesure.com\/en\/wp-json\/wp\/v2\/users\/349"}],"replies":[{"embeddable":true,"href":"https:\/\/www.reseau-mesure.com\/en\/wp-json\/wp\/v2\/comments?post=15686"}],"version-history":[{"count":0,"href":"https:\/\/www.reseau-mesure.com\/en\/wp-json\/wp\/v2\/pages\/15686\/revisions"}],"wp:attachment":[{"href":"https:\/\/www.reseau-mesure.com\/en\/wp-json\/wp\/v2\/media?parent=15686"}],"curies":[{"name":"wp","href":"https:\/\/api.w.org\/{rel}","templated":true}]}}

<a href="https://spectraldynamics.eu/" target="_blank" rel="noopener" itemprop="url">
				<img loading="lazy" decoding="async" src="https://www.reseau-mesure.com/wp-content/uploads/2022/01/Spectral-Dynamics-1024x351.png" alt="Spectral Dynamics" itemprop="image" height="351" width="1024" title="Spectral Dynamics" onerror="this.style.display='none'"  />
				</a>
	<h1><strong>Vibration testing – Theory and practice –</strong></h1>
	<p>&nbsp;</p>
<p>&nbsp;</p>
<table width="100%">
<tbody>
<tr>
<td><strong>This training is aimed at anyone responsible for carrying out or analyzing vibration tests in the company.</strong>
<p>The training will be provided by Spectral Dynamics a world leader in providing systems and software for vibration testing, dynamic structural analysis and acoustic analysis.</p>
<p><b>Réseau Mesure is referenced as a QUALIOPI certified training center allowing support by your OPCO.</b></p>
<p><strong>Number of trainees per session:</strong> training exclusive to a company.</p>
<p><strong>The training dates are to be defined with the trainer from the company Spectral Dynamics. </strong></p>
<strong>The program can be modified according to the needs of the company.</strong></td>
</tr>
<tr>

</tr>
</tbody>
</table>
			<a href="https://www.reseau-mesure.com/wp-content/uploads/2022/01/presentation-SD-v1.pdf" target="_blank" role="button" rel="noopener">
							presentation
					</a>
			<a href="https://www.reseau-mesure.com/wp-content/uploads/2022/01/programme-SD-Essais-en-vibrations.pdf" target="_blank" role="button" rel="noopener">
							Program Type
					</a>
			<a href="mailto:gourgaud@spectraldynamics.fr" target="_blank" role="button" rel="noopener">
							Subscription request
					</a>

<!-- This site is optimized with the Yoast SEO plugin v27.5 - https://yoast.com/product/yoast-seo-wordpress/ -->
<title>Formation - Essais en vibrations - Théorie et pratique - Réseau Mesure</title>
<meta name="description" content="L’enjeu de cette formation Essais en vibrations - Théorie et pratique est de se former aux essais en vibrations et à leur contexte théorique." />
<meta name="robots" content="index, follow, max-snippet:-1, max-image-preview:large, max-video-preview:-1" />
<link rel="canonical" href="https://www.reseau-mesure.com/en/essais-en-vibrations-theorie-et-pratique/" />
<meta property="og:locale" content="en_US" />
<meta property="og:type" content="article" />
<meta property="og:title" content="Formation - Essais en vibrations - Théorie et pratique - Réseau Mesure" />
<meta property="og:description" content="L’enjeu de cette formation Essais en vibrations - Théorie et pratique est de se former aux essais en vibrations et à leur contexte théorique." />
<meta property="og:url" content="https://www.reseau-mesure.com/en/essais-en-vibrations-theorie-et-pratique/" />
<meta property="og:site_name" content="Réseau Mesure" />
<meta property="article:publisher" content="https://www.facebook.com/reseaumesure/" />
<meta property="article:modified_time" content="2022-01-10T15:23:27+00:00" />
<meta property="og:image" content="https://www.reseau-mesure.com/wp-content/uploads/2022/01/Spectral-Dynamics-1024x351.png" />
<meta name="twitter:card" content="summary_large_image" />
<meta name="twitter:site" content="@ReseauMesure" />
<meta name="twitter:label1" content="Est. reading time" />
	<meta name="twitter:data1" content="1 minute" />
<script type="application/ld+json" class="yoast-schema-graph">{"@context":"https:\/\/schema.org","@graph":[{"@type":"WebPage","@id":"https:\/\/www.reseau-mesure.com\/essais-en-vibrations-theorie-et-pratique\/","url":"https:\/\/www.reseau-mesure.com\/essais-en-vibrations-theorie-et-pratique\/","name":"Formation - Essais en vibrations - Théorie et pratique - Réseau Mesure","isPartOf":{"@id":"https:\/\/www.reseau-mesure.com\/#website"},"primaryImageOfPage":{"@id":"https:\/\/www.reseau-mesure.com\/essais-en-vibrations-theorie-et-pratique\/#primaryimage"},"image":{"@id":"https:\/\/www.reseau-mesure.com\/essais-en-vibrations-theorie-et-pratique\/#primaryimage"},"thumbnailUrl":"https:\/\/www.reseau-mesure.com\/wp-content\/uploads\/2022\/01\/Spectral-Dynamics-1024x351.png","datePublished":"2022-01-10T13:39:27+00:00","dateModified":"2022-01-10T15:23:27+00:00","description":"L’enjeu de cette formation Essais en vibrations - Théorie et pratique est de se former aux essais en vibrations et à leur contexte théorique.","breadcrumb":{"@id":"https:\/\/www.reseau-mesure.com\/essais-en-vibrations-theorie-et-pratique\/#breadcrumb"},"inLanguage":"en-US","potentialAction":[{"@type":"ReadAction","target":["https:\/\/www.reseau-mesure.com\/essais-en-vibrations-theorie-et-pratique\/"]}]},{"@type":"ImageObject","inLanguage":"en-US","@id":"https:\/\/www.reseau-mesure.com\/essais-en-vibrations-theorie-et-pratique\/#primaryimage","url":"https:\/\/www.reseau-mesure.com\/wp-content\/uploads\/2022\/01\/Spectral-Dynamics-1024x351.png","contentUrl":"https:\/\/www.reseau-mesure.com\/wp-content\/uploads\/2022\/01\/Spectral-Dynamics-1024x351.png"},{"@type":"BreadcrumbList","@id":"https:\/\/www.reseau-mesure.com\/essais-en-vibrations-theorie-et-pratique\/#breadcrumb","itemListElement":[{"@type":"ListItem","position":1,"name":"Accueil","item":"https:\/\/www.reseau-mesure.com\/"},{"@type":"ListItem","position":2,"name":"Essais en vibrations &#8211; Théorie et pratique &#8211;"}]},{"@type":"WebSite","@id":"https:\/\/www.reseau-mesure.com\/#website","url":"https:\/\/www.reseau-mesure.com\/","name":"Réseau-Mesure","description":"Réseau Mesure","publisher":{"@id":"https:\/\/www.reseau-mesure.com\/#organization"},"potentialAction":[{"@type":"SearchAction","target":{"@type":"EntryPoint","urlTemplate":"https:\/\/www.reseau-mesure.com\/?s={search_term_string}"},"query-input":{"@type":"PropertyValueSpecification","valueRequired":true,"valueName":"search_term_string"}}],"inLanguage":"en-US"},{"@type":"Organization","@id":"https:\/\/www.reseau-mesure.com\/#organization","name":"Réseau-Mesure","url":"https:\/\/www.reseau-mesure.com\/","logo":{"@type":"ImageObject","inLanguage":"en-US","@id":"https:\/\/www.reseau-mesure.com\/#\/schema\/logo\/image\/","url":"https:\/\/www.reseau-mesure.com\/wp-content\/uploads\/2018\/02\/logo-max.png","contentUrl":"https:\/\/www.reseau-mesure.com\/wp-content\/uploads\/2018\/02\/logo-max.png","width":545,"height":285,"caption":"Réseau-Mesure"},"image":{"@id":"https:\/\/www.reseau-mesure.com\/#\/schema\/logo\/image\/"},"sameAs":["https:\/\/www.facebook.com\/reseaumesure\/","https:\/\/x.com\/ReseauMesure","https:\/\/www.linkedin.com\/company\/reseau-mesure\/"]}]}</script>
<!-- / Yoast SEO plugin. -->

Formation - Essais en vibrations - Théorie et pratique - Réseau Mesure

L’enjeu de cette formation Essais en vibrations - Théorie et pratique est de se former aux essais en vibrations et à leur contexte théorique.

Réseau Mesure

Essais en vibrations &#8211; Théorie et pratique &#8211;

Réseau-Mesure
